{"id":9,"date":"2026-01-26T12:21:18","date_gmt":"2026-01-26T12:21:18","guid":{"rendered":"https:\/\/gameportalhub.net\/?page_id=9"},"modified":"2026-01-26T12:21:18","modified_gmt":"2026-01-26T12:21:18","slug":"trang-chu","status":"publish","type":"page","link":"https:\/\/gameportalhub.net\/","title":{"rendered":"Trang ch\u1ee7"},"content":{"rendered":"\n<!-- Hero Section -->\n<section id=\"home\" class=\"gph-hero\">\n    <div class=\"gph-hero-overlay\"><\/div>\n    <div class=\"gph-hero-grid\"><\/div>\n    <div class=\"gph-container\">\n        <div class=\"gph-hero-content\">\n            <div class=\"gph-hero-badge\">\n                <span class=\"gph-icon-game\">\ud83c\udfae<\/span>\n                <span class=\"gph-badge-text\">YOUR ULTIMATE GAMING HUB<\/span>\n            <\/div>\n            <h2>Game Portal Hub<\/h2>\n            <p>Trung t\u00e2m k\u1ebft n\u1ed1i t\u1ea5t c\u1ea3 game platforms, stores v\u00e0 gaming services t\u1ea1i m\u1ed9t n\u01a1i<\/p>\n            <div class=\"gph-hero-buttons\">\n                <button class=\"gph-hero-button primary\">Kh\u00e1m ph\u00e1 Portal<\/button>\n                <button class=\"gph-hero-button secondary\">Xem t\u1ea5t c\u1ea3 Games<\/button>\n            <\/div>\n            <div class=\"gph-hero-platforms\">\n                <div class=\"gph-platform-icon steam\">\n                    <img decoding=\"async\" src=\"\" alt=\"Steam\">\n                    <span>Steam<\/span>\n                <\/div>\n                <div class=\"gph-platform-icon epic\">\n                    <img decoding=\"async\" src=\"\" alt=\"Epic\">\n                    <span>Epic Games<\/span>\n                <\/div>\n                <div class=\"gph-platform-icon xbox\">\n                    <img decoding=\"async\" src=\"\" alt=\"Xbox\">\n                    <span>Xbox<\/span>\n                <\/div>\n                <div class=\"gph-platform-icon playstation\">\n                    <img decoding=\"async\" src=\"\" alt=\"PlayStation\">\n                    <span>PlayStation<\/span>\n                <\/div>\n                <div class=\"gph-platform-icon nintendo\">\n                    <img decoding=\"async\" src=\"\" alt=\"Nintendo\">\n                    <span>Nintendo<\/span>\n                <\/div>\n            <\/div>\n        <\/div>\n    <\/div>\n<\/section>\n\n<!-- Quick Links Section -->\n<section id=\"platforms\" class=\"gph-quick-links\">\n    <div class=\"gph-container\">\n        <div class=\"gph-links-header\">\n            <h3>\ud83d\ude80 Quick Access to Gaming Platforms<\/h3>\n        <\/div>\n        <div class=\"gph-links-grid\">\n            <a href=\"#\" class=\"gph-link-card steam-card\">\n                <div class=\"gph-link-icon\">\ud83c\udfae<\/div>\n                <div class=\"gph-link-content\">\n                    <h4>Steam Store<\/h4>\n                    <p>Browse 50,000+ games<\/p>\n                    <span class=\"gph-link-badge\">\ud83d\udd25 Hot Deals<\/span>\n                <\/div>\n                <div class=\"gph-link-arrow\">\u2192<\/div>\n            <\/a>\n            <a href=\"#\" class=\"gph-link-card epic-card\">\n                <div class=\"gph-link-icon\">\u26a1<\/div>\n                <div class=\"gph-link-content\">\n                    <h4>Epic Games<\/h4>\n                    <p>Free weekly games<\/p>\n                    <span class=\"gph-link-badge\">\ud83c\udf81 Free Games<\/span>\n                <\/div>\n                <div class=\"gph-link-arrow\">\u2192<\/div>\n            <\/a>\n            <a href=\"#\" class=\"gph-link-card xbox-card\">\n                <div class=\"gph-link-icon\">\ud83c\udfaf<\/div>\n                <div class=\"gph-link-content\">\n                    <h4>Xbox Game Pass<\/h4>\n                    <p>400+ games library<\/p>\n                    <span class=\"gph-link-badge\">\ud83d\udc8e Subscription<\/span>\n                <\/div>\n                <div class=\"gph-link-arrow\">\u2192<\/div>\n            <\/a>\n            <a href=\"#\" class=\"gph-link-card playstation-card\">\n                <div class=\"gph-link-icon\">\ud83c\udfaa<\/div>\n                <div class=\"gph-link-content\">\n                    <h4>PlayStation Store<\/h4>\n                    <p>Exclusive PS games<\/p>\n                    <span class=\"gph-link-badge\">\u2b50 Exclusives<\/span>\n                <\/div>\n                <div class=\"gph-link-arrow\">\u2192<\/div>\n            <\/a>\n            <a href=\"#\" class=\"gph-link-card nintendo-card\">\n                <div class=\"gph-link-icon\">\ud83c\udf1f<\/div>\n                <div class=\"gph-link-content\">\n                    <h4>Nintendo eShop<\/h4>\n                    <p>Switch games &#038; deals<\/p>\n                    <span class=\"gph-link-badge\">\ud83c\udfae Switch<\/span>\n                <\/div>\n                <div class=\"gph-link-arrow\">\u2192<\/div>\n            <\/a>\n            <a href=\"#\" class=\"gph-link-card gog-card\">\n                <div class=\"gph-link-icon\">\ud83d\udc51<\/div>\n                <div class=\"gph-link-content\">\n                    <h4>GOG Galaxy<\/h4>\n                    <p>DRM-free gaming<\/p>\n                    <span class=\"gph-link-badge\">\u2728 DRM-Free<\/span>\n                <\/div>\n                <div class=\"gph-link-arrow\">\u2192<\/div>\n            <\/a>\n        <\/div>\n    <\/div>\n<\/section>\n\n<!-- News Section -->\n<section id=\"news\" class=\"gph-news-section\">\n    <div class=\"gph-container\">\n        <h2 class=\"gph-section-title\">\ud83d\udcf0 Gaming Portal News<\/h2>\n        <div class=\"gph-news-grid\">\n            <article class=\"gph-news-card featured\">\n                <div class=\"gph-news-image\">\n                    <div class=\"gph-badge trending\">\ud83d\udd25 Trending<\/div>\n                    <div class=\"gph-platform-tags\">\n                        <span class=\"gph-tag steam\">Steam<\/span>\n                        <span class=\"gph-tag epic\">Epic<\/span>\n                    <\/div>\n                <\/div>\n                <div class=\"gph-news-content\">\n                    <div class=\"gph-news-meta\">\n                        <span class=\"gph-category deals\">Deals &#038; Offers<\/span>\n                        <span class=\"gph-date\">H\u00f4m nay<\/span>\n                    <\/div>\n                    <h3>Steam Summer Sale 2026: H\u01a1n 5000 games gi\u1ea3m gi\u00e1 l\u00ean \u0111\u1ebfn 90%<\/h3>\n                    <div class=\"gph-deal-highlights\">\n                        <div class=\"gph-highlight-item\">\n                            <span class=\"gph-highlight-icon\">\ud83d\udcb0<\/span>\n                            <div class=\"gph-highlight-text\">\n                                <strong>Top Deals<\/strong>\n                                <p>AAA games gi\u1ea3m 75%<\/p>\n                            <\/div>\n                        <\/div>\n                        <div class=\"gph-highlight-item\">\n                            <span class=\"gph-highlight-icon\">\u23f0<\/span>\n                            <div class=\"gph-highlight-text\">\n                                <strong>Duration<\/strong>\n                                <p>14 ng\u00e0y sale event<\/p>\n                            <\/div>\n                        <\/div>\n                    <\/div>\n                    <p>Summer Sale l\u1edbn nh\u1ea5t n\u0103m \u0111ang di\u1ec5n ra tr\u00ean Steam v\u1edbi h\u00e0ng ng\u00e0n t\u1ef1a game AAA, indie v\u00e0 c\u00e1c DLC \u0111\u01b0\u1ee3c gi\u1ea3m gi\u00e1 s\u00e2u&#8230;<\/p>\n                    <div class=\"gph-game-list\">\n                        <h4>Highlighted Games:<\/h4>\n                        <ul>\n                            <li>Cyberpunk 2077: $19.99 (-66%)<\/li>\n                            <li>Baldur&#8217;s Gate 3: $35.99 (-40%)<\/li>\n                            <li>Elden Ring: $29.99 (-50%)<\/li>\n                        <\/ul>\n                    <\/div>\n                    <a href=\"#\" class=\"gph-read-more\">Xem t\u1ea5t c\u1ea3 deals \u2192<\/a>\n                <\/div>\n            <\/article>\n            \n            <article class=\"gph-news-card\">\n                <div class=\"gph-news-image\"><\/div>\n                <div class=\"gph-news-content\">\n                    <div class=\"gph-news-meta\">\n                        <span class=\"gph-category free\">Free Games<\/span>\n                        <span class=\"gph-date\">2 gi\u1edd tr\u01b0\u1edbc<\/span>\n                    <\/div>\n                    <h3>Epic Games Store: 3 Games mi\u1ec5n ph\u00ed tu\u1ea7n n\u00e0y<\/h3>\n                    <div class=\"gph-free-games\">\n                        <span class=\"gph-game-chip\">\ud83c\udfae Game 1<\/span>\n                        <span class=\"gph-game-chip\">\ud83c\udfae Game 2<\/span>\n                        <span class=\"gph-game-chip\">\ud83c\udfae Game 3<\/span>\n                    <\/div>\n                    <p>Epic Games ti\u1ebfp t\u1ee5c ch\u01b0\u01a1ng tr\u00ecnh t\u1eb7ng game mi\u1ec5n ph\u00ed v\u1edbi 3 t\u1ef1a game h\u1ea5p d\u1eabn&#8230;<\/p>\n                    <a href=\"#\" class=\"gph-read-more\">Claim ngay \u2192<\/a>\n                <\/div>\n            <\/article>\n\n            <article class=\"gph-news-card\">\n                <div class=\"gph-news-image\"><\/div>\n                <div class=\"gph-news-content\">\n                    <div class=\"gph-news-meta\">\n                        <span class=\"gph-category update\">Platform Update<\/span>\n                        <span class=\"gph-date\">5 gi\u1edd tr\u01b0\u1edbc<\/span>\n                    <\/div>\n                    <h3>Xbox Game Pass: 15 games m\u1edbi \u0111\u01b0\u1ee3c th\u00eam v\u00e0o library<\/h3>\n                    <div class=\"gph-subscription-info\">\n                        <span>\ud83d\udc8e Game Pass Ultimate<\/span>\n                        <span>\ud83d\udcc5 Available now<\/span>\n                    <\/div>\n                    <p>Xbox Game Pass b\u1ed5 sung 15 t\u1ef1a game m\u1edbi bao g\u1ed3m AAA v\u00e0 indie titles&#8230;<\/p>\n                    <a href=\"#\" class=\"gph-read-more\">Xem danh s\u00e1ch \u2192<\/a>\n                <\/div>\n            <\/article>\n\n            <article class=\"gph-news-card\">\n                <div class=\"gph-news-image\"><\/div>\n                <div class=\"gph-news-content\">\n                    <div class=\"gph-news-meta\">\n                        <span class=\"gph-category review\">Portal Review<\/span>\n                        <span class=\"gph-date\">1 ng\u00e0y tr\u01b0\u1edbc<\/span>\n                    <\/div>\n                    <h3>So s\u00e1nh Game Launchers: Steam vs Epic vs GOG<\/h3>\n                    <div class=\"gph-rating-comparison\">\n                        <div class=\"gph-rating-item\">\n                            <span>Steam:<\/span>\n                            <span class=\"gph-stars\">\u2b50\u2b50\u2b50\u2b50\u2b50<\/span>\n                        <\/div>\n                        <div class=\"gph-rating-item\">\n                            <span>Epic:<\/span>\n                            <span class=\"gph-stars\">\u2b50\u2b50\u2b50\u2b50<\/span>\n                        <\/div>\n                        <div class=\"gph-rating-item\">\n                            <span>GOG:<\/span>\n                            <span class=\"gph-stars\">\u2b50\u2b50\u2b50\u2b50<\/span>\n                        <\/div>\n                    <\/div>\n                    <p>\u0110\u00e1nh gi\u00e1 chi ti\u1ebft v\u1ec1 features, UI\/UX v\u00e0 \u01b0u nh\u01b0\u1ee3c \u0111i\u1ec3m c\u1ee7a c\u00e1c launcher&#8230;<\/p>\n                    <a href=\"#\" class=\"gph-read-more\">\u0110\u1ecdc review \u2192<\/a>\n                <\/div>\n            <\/article>\n        <\/div>\n    <\/div>\n<\/section>\n\n<!-- Analysis Section -->\n<section id=\"tools\" class=\"gph-analysis-section\">\n    <div class=\"gph-container\">\n        <h2 class=\"gph-section-title\">\ud83d\udee0\ufe0f Gaming Hub Tools<\/h2>\n        <div class=\"gph-analysis-grid\">\n            <div class=\"gph-analysis-card\">\n                <div class=\"gph-analysis-header\">\n                    <h3>\ud83d\udd0d Game Finder<\/h3>\n                    <span class=\"gph-tool-badge free\">Free Tool<\/span>\n                <\/div>\n                <h4>T\u00ecm game theo n\u1ec1n t\u1ea3ng<\/h4>\n                <div class=\"gph-finder-options\">\n                    <button class=\"gph-option-btn active\">\n                        <span>\ud83c\udfae<\/span>\n                        <span>PC<\/span>\n                    <\/button>\n                    <button class=\"gph-option-btn\">\n                        <span>\ud83c\udfaf<\/span>\n                        <span>Console<\/span>\n                    <\/button>\n                    <button class=\"gph-option-btn\">\n                        <span>\ud83d\udcf1<\/span>\n                        <span>Mobile<\/span>\n                    <\/button>\n                <\/div>\n                <div class=\"gph-search-box\">\n                    <input type=\"text\" placeholder=\"Search games...\">\n                    <button>\ud83d\udd0d<\/button>\n                <\/div>\n                <div class=\"gph-filter-tags\">\n                    <span class=\"gph-filter-tag\">Action<\/span>\n                    <span class=\"gph-filter-tag\">RPG<\/span>\n                    <span class=\"gph-filter-tag\">Strategy<\/span>\n                    <span class=\"gph-filter-tag\">+More<\/span>\n                <\/div>\n                <button class=\"gph-view-analysis\">Start Searching<\/button>\n            <\/div>\n\n            <div class=\"gph-analysis-card\">\n                <div class=\"gph-analysis-header\">\n                    <h3>\ud83d\udcb0 Price Tracker<\/h3>\n                    <span class=\"gph-tool-badge premium\">Premium<\/span>\n                <\/div>\n                <h4>Theo d\u00f5i gi\u00e1 game<\/h4>\n                <div class=\"gph-tracker-demo\">\n                    <div class=\"gph-tracker-item\">\n                        <div class=\"gph-game-info\">\n                            <span class=\"gph-game-name\">Cyberpunk 2077<\/span>\n                            <span class=\"gph-platform-mini\">Steam<\/span>\n                        <\/div>\n                        <div class=\"gph-price-info\">\n                            <span class=\"gph-old-price\">$59.99<\/span>\n                            <span class=\"gph-new-price\">$19.99<\/span>\n                            <span class=\"gph-discount\">-66%<\/span>\n                        <\/div>\n                    <\/div>\n                    <div class=\"gph-tracker-item\">\n                        <div class=\"gph-game-info\">\n                            <span class=\"gph-game-name\">Elden Ring<\/span>\n                            <span class=\"gph-platform-mini\">Epic<\/span>\n                        <\/div>\n                        <div class=\"gph-price-info\">\n                            <span class=\"gph-old-price\">$59.99<\/span>\n                            <span class=\"gph-new-price\">$29.99<\/span>\n                            <span class=\"gph-discount\">-50%<\/span>\n                        <\/div>\n                    <\/div>\n                <\/div>\n                <button class=\"gph-view-analysis\">Track Prices<\/button>\n            <\/div>\n\n            <div class=\"gph-analysis-card\">\n                <div class=\"gph-analysis-header\">\n                    <h3>\ud83d\udcca Library Manager<\/h3>\n                    <span class=\"gph-tool-badge new\">New<\/span>\n                <\/div>\n                <h4>Qu\u1ea3n l\u00fd game library<\/h4>\n                <div class=\"gph-library-stats\">\n                    <div class=\"gph-stat-box\">\n                        <span class=\"gph-stat-number\">245<\/span>\n                        <span class=\"gph-stat-label\">Total Games<\/span>\n                    <\/div>\n                    <div class=\"gph-stat-box\">\n                        <span class=\"gph-stat-number\">12<\/span>\n                        <span class=\"gph-stat-label\">Platforms<\/span>\n                    <\/div>\n                    <div class=\"gph-stat-box\">\n                        <span class=\"gph-stat-number\">$3,250<\/span>\n                        <span class=\"gph-stat-label\">Total Value<\/span>\n                    <\/div>\n                <\/div>\n                <div class=\"gph-platform-distribution\">\n                    <div class=\"gph-dist-bar\">\n                        <div class=\"gph-dist-fill steam\" style=\"width: 65%\">Steam 65%<\/div>\n                    <\/div>\n                    <div class=\"gph-dist-bar\">\n                        <div class=\"gph-dist-fill epic\" style=\"width: 20%\">Epic 20%<\/div>\n                    <\/div>\n                    <div class=\"gph-dist-bar\">\n                        <div class=\"gph-dist-fill other\" style=\"width: 15%\">Other 15%<\/div>\n                    <\/div>\n                <\/div>\n                <button class=\"gph-view-analysis\">Manage Library<\/button>\n            <\/div>\n        <\/div>\n    <\/div>\n<\/section>\n\n<!-- Learning Section -->\n<section id=\"resources\" class=\"gph-learning-section\">\n    <div class=\"gph-container\">\n        <h2 class=\"gph-section-title\">\ud83d\udcda Gaming Portal Guides<\/h2>\n        <div class=\"gph-learning-grid\">\n            <div class=\"gph-learning-card\">\n                <div class=\"gph-learning-icon\">\ud83c\udfae<\/div>\n                <h3>Platform Comparison Guide<\/h3>\n                <p>So s\u00e1nh chi ti\u1ebft c\u00e1c game platforms v\u00e0 stores<\/p>\n                <div class=\"gph-guide-info\">\n                    <span>\ud83d\udcd6 10 ph\u00fat \u0111\u1ecdc<\/span>\n                    <span>\u2b50 Essential<\/span>\n                <\/div>\n                <a href=\"#\" class=\"gph-learn-link\">\u0110\u1ecdc guide<\/a>\n            <\/div>\n            <div class=\"gph-learning-card\">\n                <div class=\"gph-learning-icon\">\ud83d\udcb0<\/div>\n                <h3>Deal Hunting Tips<\/h3>\n                <p>C\u00e1ch t\u00ecm v\u00e0 t\u1eadn d\u1ee5ng game deals t\u1ed1t nh\u1ea5t<\/p>\n                <div class=\"gph-guide-info\">\n                    <span>\ud83d\udcd6 15 ph\u00fat \u0111\u1ecdc<\/span>\n                    <span>\ud83d\udc8e Popular<\/span>\n                <\/div>\n                <a href=\"#\" class=\"gph-learn-link\">Xem tips<\/a>\n            <\/div>\n            <div class=\"gph-learning-card\">\n                <div class=\"gph-learning-icon\">\ud83d\udd10<\/div>\n                <h3>Account Security Guide<\/h3>\n                <p>B\u1ea3o m\u1eadt t\u00e0i kho\u1ea3n gaming c\u1ee7a b\u1ea1n<\/p>\n                <div class=\"gph-guide-info\">\n                    <span>\ud83d\udcd6 12 ph\u00fat \u0111\u1ecdc<\/span>\n                    <span>\ud83d\udee1\ufe0f Important<\/span>\n                <\/div>\n                <a href=\"#\" class=\"gph-learn-link\">Learn more<\/a>\n            <\/div>\n            <div class=\"gph-learning-card\">\n                <div class=\"gph-learning-icon\">\ud83d\udcca<\/div>\n                <h3>Library Organization<\/h3>\n                <p>T\u1ed5 ch\u1ee9c v\u00e0 qu\u1ea3n l\u00fd game collection hi\u1ec7u qu\u1ea3<\/p>\n                <div class=\"gph-guide-info\">\n                    <span>\ud83d\udcd6 8 ph\u00fat \u0111\u1ecdc<\/span>\n                    <span>\u2728 Helpful<\/span>\n                <\/div>\n                <a href=\"#\" class=\"gph-learn-link\">Organize now<\/a>\n            <\/div>\n        <\/div>\n    <\/div>\n<\/section>\n\n<!-- Newsletter Section -->\n<section class=\"gph-newsletter\">\n    <div class=\"gph-container\">\n        <div class=\"gph-newsletter-content\">\n            <div class=\"gph-newsletter-icon\">\n                <span class=\"gph-icon-main\">\ud83c\udfae<\/span>\n                <span class=\"gph-icon-glow\"><\/span>\n            <\/div>\n            <h2>Never Miss a Game Deal<\/h2>\n            <p>\u0110\u0103ng k\u00fd nh\u1eadn th\u00f4ng b\u00e1o v\u1ec1 game deals, free games v\u00e0 platform updates<\/p>\n            <form class=\"gph-newsletter-form\">\n                <input type=\"email\" placeholder=\"Enter your email\" required>\n                <button type=\"submit\">Subscribe<\/button>\n            <\/form>\n            <div class=\"gph-notification-types\">\n                <label class=\"gph-notif-option\">\n                    <input type=\"checkbox\" checked>\n                    <span class=\"gph-checkbox-custom\"><\/span>\n                    <span>\ud83d\udcb0 Best Deals<\/span>\n                <\/label>\n                <label class=\"gph-notif-option\">\n                    <input type=\"checkbox\" checked>\n                    <span class=\"gph-checkbox-custom\"><\/span>\n                    <span>\ud83c\udf81 Free Games<\/span>\n                <\/label>\n                <label class=\"gph-notif-option\">\n                    <input type=\"checkbox\">\n                    <span class=\"gph-checkbox-custom\"><\/span>\n                    <span>\ud83d\udcf0 Platform News<\/span>\n                <\/label>\n            <\/div>\n            <div class=\"gph-newsletter-benefits\">\n                <div class=\"gph-benefit-item\">\n                    <span class=\"gph-benefit-icon\">\u26a1<\/span>\n                    <span class=\"gph-benefit-text\">Instant deal alerts<\/span>\n                <\/div>\n                <div class=\"gph-benefit-item\">\n                    <span class=\"gph-benefit-icon\">\ud83c\udf81<\/span>\n                    <span class=\"gph-benefit-text\">Free game notifications<\/span>\n                <\/div>\n                <div class=\"gph-benefit-item\">\n                    <span class=\"gph-benefit-icon\">\ud83d\udcca<\/span>\n                    <span class=\"gph-benefit-text\">Weekly gaming digest<\/span>\n                <\/div>\n            <\/div>\n            <p class=\"gph-newsletter-note\">\ud83c\udf89 Join 100,000+ gamers getting the best deals<\/p>\n        <\/div>\n    <\/div>\n<\/section>\n\n\n\n<p><\/p>\n","protected":false},"excerpt":{"rendered":"<p>\ud83c\udfae YOUR ULTIMATE GAMING HUB Game Portal Hub Trung t\u00e2m k\u1ebft n\u1ed1i t\u1ea5t c\u1ea3 game platforms, stores v\u00e0 gaming services t\u1ea1i m\u1ed9t n\u01a1i Kh\u00e1m ph\u00e1 Portal Xem t\u1ea5t c\u1ea3 Games Steam Epic Games Xbox PlayStation Nintendo \ud83d\ude80 Quick Access to Gaming Platforms \ud83c\udfae Steam Store Browse 50,000+ games \ud83d\udd25 Hot Deals \u2192 \u26a1 Epic Games [&#8230;]\n","protected":false},"author":1,"featured_media":0,"parent":0,"menu_order":0,"comment_status":"closed","ping_status":"closed","template":"","meta":{"footnotes":""},"class_list":["post-9","page","type-page","status-publish","hentry"],"_links":{"self":[{"href":"https:\/\/gameportalhub.net\/index.php\/wp-json\/wp\/v2\/pages\/9","targetHints":{"allow":["GET"]}}],"collection":[{"href":"https:\/\/gameportalhub.net\/index.php\/wp-json\/wp\/v2\/pages"}],"about":[{"href":"https:\/\/gameportalhub.net\/index.php\/wp-json\/wp\/v2\/types\/page"}],"author":[{"embeddable":true,"href":"https:\/\/gameportalhub.net\/index.php\/wp-json\/wp\/v2\/users\/1"}],"replies":[{"embeddable":true,"href":"https:\/\/gameportalhub.net\/index.php\/wp-json\/wp\/v2\/comments?post=9"}],"version-history":[{"count":1,"href":"https:\/\/gameportalhub.net\/index.php\/wp-json\/wp\/v2\/pages\/9\/revisions"}],"predecessor-version":[{"id":11,"href":"https:\/\/gameportalhub.net\/index.php\/wp-json\/wp\/v2\/pages\/9\/revisions\/11"}],"wp:attachment":[{"href":"https:\/\/gameportalhub.net\/index.php\/wp-json\/wp\/v2\/media?parent=9"}],"curies":[{"name":"wp","href":"https:\/\/api.w.org\/{rel}","templated":true}]}}